, -2*p + 24 = 5*d. Calculate the highest common factor of f and p.
1
Let o(a) = 5*a + 3. Let m(t) = 5*t + 2. Let w(l) = -2*m(l) + 3*o(l). Let g = 224 + -222. Let r be w(g). What is the greatest common factor of 10 and r?
5
Let i(u) = 4*u**2 + 1. Let g(n) = -9*n**2 - 21*n - 53. Let v(x) = g(x) + 2*i(x). Let f be v(-17). What is the greatest common divisor of 1241 and f?
17
Suppose 5*b - 434 = 3*w + 329, -3*w - 3 = 0. What is the highest common factor of 570 and b?
38
Suppose 5*c + 2158 = 2*n + 3*c, -5*n = 5*c - 5415. Calculate the greatest common divisor of n and 94.
47
Suppose 424776 = 99471*m - 99449*m. Calculate the greatest common factor of m and 12.
12
Let q(h) = 243*h**2 + h. Let n be q(-1). Let i be 23 - -4*7/(-28). Calculate the highest common divisor of n and i.
22
Suppose -3*l - 3*h = -8*h - 6, 5*h - 36 = -3*l. Suppose 652 = l*g + 71. Calculate the highest common divisor of 332 and g.
83
Let z(c) = -61*c + 1360. Let f be z(21). What is the greatest common divisor of f and 237?
79
Suppose 1366 + 1235 = -17*t. Let x be (7/21)/((-3)/t). What is the highest common divisor of 34 and x?
17
Suppose 0 = 2*t - r - 1150, t - 4*r = -t + 1144. Let j = -498 + t. Calculate the highest common divisor of 91 and j.
13
Let v(h) = -168*h - 1586. Let m be v(-10). Suppose 0 = -5*a + 1078 + 567. Calculate the greatest common divisor of a and m.
47
Suppose 3*m - 59095 = l, 3*l - 6157 - 13538 = -m. Calculate the highest common divisor of m and 21.
21
Suppose 2*h - 7 = 5. Let q(j) = 6*j + 35. Let t be q(-5). Suppose 5*u + 0*u - t*b - 65 = 0, -67 = -4*u + b. Calculate the greatest common factor of h and u.
6
Let f be (-836)/(-9) + 68/612. Calculate the highest common factor of f and 3193.
31
Let x be -2 + -2 - (1 - 8). Suppose 8 = 2*w + u + 21, x*w - 3*u = 3. Let k be (0 + -1)/(w/52). Calculate the highest common factor of k and 26.
13
Suppose 3*f + 2*j = 16 + 44, f = -5*j + 33. Let w be (171/f)/((-2)/(-4)). Calculate the highest common factor of 19 and w.
19
Let w = 5940 + -5247. Suppose o + 4*d + 3 - 46 = 0, -o + 58 = d. Calculate the greatest common divisor of o and w.
63
Let y be 14/(-2) - (-1400)/(4 - -6). Calculate the greatest common divisor of 567 and y.
7
Suppose 4*n - 5*g = 24117, -30137 = -5*n + 22*g - 25*g. What is the highest common divisor of 176 and n?
44
Let s be (-18)/(-6)*(9 + -35)*(-364)/24. What is the highest common factor of s and 273?
91
Suppose -2*u + 233 = h, 6*h = h - u + 1147. Suppose 2*f + 221 = 3*d, d - 2*f = 4*d - h. Let t = d - 70. Calculate the highest common divisor of 10 and t.
5
Suppose 4*l + 44 = -w, -4*l = -w + 5*w + 164. Let o = 100 + w. Let f = 220129 + -220119. Calculate the greatest common divisor of o and f.
10
Let s be (-3)/(-6) - (-19)/2. Suppose 27*o - 30935 + 30125 = 0. What is the greatest common divisor of o and s?
10
Suppose -97*b = -167*b - 176*b + 613524. What is the greatest common factor of b and 87?
29
Suppose 2 = -5*o - 8. Let n be (-5*(-9)/12)/(o/8). Let i be (n/(-10))/(-3)*-94. Calculate the greatest common factor of 94 and i.
47
Suppose 40 = 4*b - 4. Suppose -b = 3*r - 2, 0 = -u + r + 16. Suppose 16*h - u*h - 75 = -4*p, 39 = 2*h - p. What is the greatest common factor of h and 21?
21
Let u be -2*4/(-10)*(-350)/40 + 2765. What is the highest common factor of 56 and u?
14
Let r be (-2037)/(-24) + 3/24. Suppose -13*h - 375 = -8*h. Let b = r + h. Calculate the highest common divisor of 25 and b.
5
Let v be (8/(-5))/(3/(-75)). Let m be 12/(-6)*39/(-6). Suppose 0 = 7*i - m*i + 60. Calculate the greatest common divisor of v and i.
10
Suppose -34*d = 3*d - 777. Suppose -r + 30 = p - 6*p, 0 = 2*r + 3*p - d. What is the greatest common divisor of 21 and r?
3
Suppose -8 - 3 = -5*q + 34. What is the greatest common factor of q and 144?
9
Let f = 64 - 77. Let a = -9 - f. Suppose a*n = 57 + 23. What is the greatest common factor of 180 and n?
20
Suppose -3*t + 296*j - 298*j + 3772 = 0, 5060 = 4*t - 5*j. Calculate the greatest common divisor of 4788 and t.
252
Let b be (23 + -1 + -2)*(-20 + 32). Suppose -2*i = 16 - 46. Calculate the greatest common factor of b and i.
15
Suppose -m = -6*m + 5, 260 = 2*w - 4*m. Calculate the highest common factor of w and 484.
44
Let s be ((-66)/12 + 4)/((-3)/12). Suppose 4*j - 36 = -2*i, s = j + j + 4*i. What is the greatest common divisor of 649 and j?
11
Suppose -69*g - 31617 = -74*g - 4*b, -31627 = -5*g + b. What is the greatest common factor of 506 and g?
253
Let b be (200/35)/(14/49). What is the greatest common divisor of 3980 and b?
20
Let g(b) = 2*b + 19. Let z be g(-7). Suppose 5*j - 532 + 140 = -3*h, j - z*h = 56. What is the greatest common divisor of 209 and j?
19
Let s be 345/10 + (-11)/2. What is the highest common factor of s and 4031?
29
Let m be (8/5)/((-4)/(-50)). Let f(p) = p**3 - 5*p**2 - 5*p + 9. Let h be f(6). Suppose -23 + h = -2*o. What is the highest common divisor of m and o?
4
Suppose -5*c + 2*f + 2 = -70, 0 = -2*c - 4*f + 48. Let m be -1 - 5540/(-17) - c/(-136). What is the greatest common factor of m and 13?
13
Let w be (7 + 5550/(-180))/(4/(-312)). Calculate the highest common factor of 676 and w.
169
Suppose 8 = j - 29*i + 31*i, -8 = -5*j - 2*i. Let g be (-1190 - (j - 0))*2/(-5). What is the greatest common divisor of 28 and g?
28
Let w(h) = -3*h - 4. Let z be w(-4). Let r be (7/28 - (-14)/z) + 9. Suppose -186 = -4*q + 34. What is the highest common factor of q and r?
11
Let y(f) be the third derivative of f**5/60 - 55*f**3/6 + 104*f**2. Let w be y(-9). What is the greatest common divisor of 442 and w?
26
Let p = 4539 - 4450. What is the greatest common divisor of 13706 and p?
89
Let n(l) = 3*l**2 + 31*l - 509. Let x be n(-23). Let y = 149 - 208. Let c = y + x. What is the highest common divisor of c and 18?
18
Let o(g) = -g**3 - 7*g**2 - 6*g - 40. Let x be o(-7). Let p be -770*(x - (20/(-8))/(-1)). What is the greatest common divisor of p and 55?
55
Suppose x - 1836 = -4*m, -3*x - 723*m + 5604 = -727*m. Calculate the highest common divisor of 558 and x.
186
Suppose 2*b + 16 = 2*h - 14, 3*h = 2*b + 29. Let g be 6/(-24) - -38*(-14)/b. What is the greatest common factor of g and 99?
33
Suppose -2*q - 200 = -2*k, -3*k + 53 = 2*q - 242. Suppose k = 5*r - 1. What is the highest common divisor of r and 10?
10
Suppose -501 = 3*c + u + 55, -5*c = 5*u + 920. Let l = c - -281. What is the highest common factor of l and 38?
19
Let s(y) = y**2 + 5*y - 75. Let r be s(-12). What is the greatest common factor of r and 333?
9
Let a = 10009 + -9448. Calculate the highest common factor of 44 and a.
11
Let d = -64 - -78. Let c(m) = m**3 + 16*m**2 + 63*m + 21. Let x be c(-9). What is the greatest common factor of d and x?
7
Suppose -20*y + 17*y + 15 = 0. Let c be y*((-4)/(-16) - (-22)/8). Suppose 5*h + 10 + c = 5*m, 0 = -5*m + h + 29. What is the highest common factor of m and 36?
6
Suppose -11*o + 1676 + 2944 = 0. Suppose 6*m = -15*m + o. Let n(t) = -t**2 - 12*t + 4. Let d be n(-6). Calculate the highest common factor of d and m.
20
Let l(p) = 4*p**3 - 3*p**2 + 11*p - 7. Suppose -2*n + 0*n - 4 = -2*s, 2*n - 26 = -4*s. Let h be l(s). What is the greatest common divisor of 86 and h?
43
Suppose -5*g = 4*o - 405, 0*g - 495 = -5*o - 4*g. Calculate the highest common divisor of 2185 and o.
95
Let d(n) = 2*n**2 + 33*n - 56. Let c be d(-18). Let h(t) = 159*t**2 + 9*t + 20. Let k be h(c). Calculate the highest common factor of 58 and k.
58
Let v = 180 - 327. Let h = 192 + v. Calculate the highest common factor of 495 and h.
45
Suppose -2*k + 10 = -0*k. Suppose 2*j - k*p + 2*p = 2, j - 11 = -p. Let m = -1252 - -1266. Calculate the highest common factor of j and m.
7
Let m(u) be the second derivative of -5*u**3/2 - 22*u**2 + 2*u + 150. Let s be m(-6). Calculate the highest common factor of s and 782.
46
Let p be 91 - 40/2 - (-1)/1. Let g = 29 + 97. What is the greatest common factor of p and g?
18
Let q be -6*((-4)/3)/(-4). Let z be q*-4*(-12)/(-16). Calculate the greatest common factor of z and 66.
6
Let f = 62 + -41. Let l be ((-9)/(-2))/((-21)/(-3528)). Suppose a = -11*a + l. What is the greatest common divisor of a and f?
21
Suppose 0 = 3*m + w - 92, 3*m - 71 = 44*w - 48*w. What is the highest common factor of m and 14289?
33
Let l = 3886 - 3292. Calculate the greatest common